 (-8 - -76) + 8?
-62
-51 - (80 + -236 - -82)
23
What is 54 + (-147 - -50) - (-1 + 0)?
-42
Evaluate (0 - -9) + 2 - 1 - 5 - -21.
26
Calculate (-140 - -59) + -79 - -111.
-49
36 + 11 + (127 - 123)
51
Calculate 0 + 95 + -1 + (92 + -46 - 118) + 80.
102
What is the value of 0 + -3 + (-986 - -987)?
-2
Evaluate (-8 - 17 - -23) + (1 - -4) + (-1 - 2).
0
Calculate 73 + (60 + 13 - 84).
62
-28 + -75 + 126 - 93
-70
Calculate -31 + 104 + -81 - (1 - 2 - -16).
-23
What is the value of (-1 + 0 - (-26 + 72 + -56)) + -38?
-29
0 - 6 - (-7 + -1 + -43 + -129 + 195)
-21
-48 + 36 + 0 + -30 + (3 - 0)
-39
What is the value of -104 + (-2 - -8 - 22) + 9 + 18?
-93
What is the value of -417 - -390 - (-42 + 2) - (-1 - 8)?
22
Evaluate 2 + (12 - -3) + -7 + -9.
1
What is (230 - 228) + (0 + -5 - (38 - 4))?
-37
5 + 0 + -5 + 37 + (2 - 6)
33
(1 - (3 - 13)) + -3 - ((-4 - -24) + 28)
-40
Calculate -31 + 13 + 35 - -49.
66
What is the value of (-121 - -38 - 1) + (6 - 2 - -2)?
-78
Evaluate 5392 + -5379 - (0 - -84).
-71
Evaluate (53 - 2) + -1456 + 1426.
21
What is -64 + -21 + 74 + -1?
-12
What is 19 + 1 + (-76 - (-163 - -96))?
11
(34 - 27 - 26 - (-5 + -5)) + (1 - 31)
-39
What is the value of (-4 - -90) + 178 + -362?
-98
Calculate 14 + (12 + -14 + -13 - 44 - -7).
-38
What is the value of -76 - (101 - 177) - (1 + -1 - -80)?
-80
Evaluate 17 + (9 - 40 - 1).
-15
What is 5 - ((37 - 16) + 25 + -63)?
22
18 + -11 + 22 + 19 + -1 + 8
55
-5 - (-224 + 87 + 105)
27
Evaluate -6 + (11 - (-4 - (8 + -19 + -4))).
-6
Evaluate -14 - (-3 + 7) - (40 - 62) - -31.
35
What is (2 + -2 - -1) + 47 - (142 + -89 + -59)?
54
-13 - (62 + -29 - 70) - -22
46
(-144 - -3) + -284 + 437
12
What is 45 - (-80 + 83 - -87)?
-45
Calculate -16 - (11 + (13 - (55 - -23))).
38
Evaluate 21 + (-38 - -4 - (45 - 64)).
6
Calculate -83 - (-123 + -26 + 159).
-93
(-5 + 13 - 42) + -345 + 313
-66
What is the value of -19 - (-48 + (36 - 12)) - 42?
-37
55 + (-4 - -3) - (-41 - -61)
34
What is the value of -248 + (315 - 93) - (0 + 0 + 0)?
-26
What is the value of 36 + -2 - (1355 - 1385)?
64
What is 29 - -3 - (42 - 48 - -27)?
11
What is the value of (-3 - (1 + (0 - 11))) + (-72 - -77)?
12
What is the value of -52 + (-17 - -16) + 53?
0
Evaluate -19 + 89 - ((41 - 51) + -16).
96
Calculate -22 + 113 + (-7 + -11 - -9).
82
What is 31 - (122 + -40 - 32)?
-19
Evaluate -86 + 38 + 267 - 161.
58
Calculate 0 + (23 - 9) + (22 - (0 - -8)).
28
Evaluate 2 + -14 + -2 + 14 + 9 - 0.
9
Calculate -6 - -7 - 13 - (3 + 62 + -8).
-69
What is the value of (-15 - (14 + (-5 - 20))) + -6?
-10
14 + -88 - 115 - -60
-129
Evaluate (-85 - -204) + (-112 - -28).
35
2 + 39 - (-20 - -6 - -6)
49
Evaluate -21 - (29 + 30 - 5) - -21.
-54
What is 37 + -47 + (36 - (-2 - (-8 + 7)))?
27
What is the value of (-32 - -28 - (-3 + 2)) + -313 + 329?
13
What is -16 - -5 - (4 + -10 + 11)?
-16
What is -35 + 55 + -104 - -26?
-58
(0 + -77 - (30 - -73 - 132)) + (-9 - 1)
-58
Evaluate 3 + -1 + 1 + -1 + -1105 + -1156 + 2173.
-86
Calculate (-585 - -576) + (2 - 24).
-31
What is (49 - (14 + 14 + -14 + -9)) + -5?
39
Evaluate 57 + (7 - (-8 - -34)) + -18.
20
-59 + (2 + 1 + 14 - ((130 - -4) + -132))
-44
What is the value of (51 - (24 + 27)) + -6 + 2 - (-90 - 1)?
87
Calculate -38 + 83 - (49 + -3).
-1
Calculate (-17 - -14) + -4 - 2 - 24.
-33
What is the value of (-48 - -15) + (40 - (108 + 10))?
-111
145 - (81 + 76 + -128)
116
What is the value of 14 + (0 - (20 - 10)) + 22 + -1 + 8?
33
Evaluate 52 + (-11 - 1) + -32 + 15 - -15.
38
-49 + (5 - (30 + -46) - (6 + 27))
-61
Calculate 4465 + -4422 - (-1 - 70).
114
Calculate -68 + 89 + (-2 + 66 - (1 + -3)).
87
What is the value of ((10 - 4) + -7 - -63) + (58 + -22 - 28)?
70
-36 - (-32 + 17 - -8)
-29
What is the value of 91 + (-3 - (-4 + 0 + -1 - (51 - 49)))?
95
Calculate -107 + (-167 - -141) + 113.
-20
Calculate (36 - (3 - -9 - (-28 - (-18 + -24)))) + 2.
40
What is the value of (-38 - 0 - 11) + 5?
-44
What is the value of -25 + 19 + 4 + -4 + 59 + 11?
64
What is the value of 0 + -10 + 2 - ((-10 - -31) + 4 - 62)?
29
What is (63 - -5 - 89) + 142?
121
Evaluate -5 + -38 + (18 + -24 - (0 - -7)).
-56
What is -10 - (-3 - -14) - -40 - 69?
-50
Evaluate (-106 - -67 - (-6 + 3)) + 16.
-20
Evaluate (12 - 19) + (9 - 5 - 8) - 5.
-16
Calculate -9 + (-36 - -26) - -20 - (-1 + -31).
33
Calculate -59 + -10 + (-42 - -17 - 17).
-111
Evaluate -5 - 6 - (-3 - 4) - (-10 + (2 - 0)).
4
Evaluate (1 - -4) + 11 - (12 - (14 - -77)).
95
What is 22 - ((48 - -15) + -68 - (5 - (3 - 2)))?
31
Evaluate (-2 - ((-2 - -7) + (-14 - (6 - 20)))) + 49.
42
51 - ((-58 + 85 - (20 - -3)) + (1 - 12))
58
Calculate -106 - -9 - (362 + -358).
-101
(71 - 102) + 51 + (-67 - 0 - 1)
-48
3 - ((11 + -11 + -9 - -75) + -11)
-52
Calculate 4 - (1 + 1) - (-19 + 22 + -1 + -51).
51
Calculate -28 + (-1 - -2 - -10 - 24).
-41
11 - ((-89 - -94) + (-124 - 3))
133
Evaluate 3 + 6 - (-29 + 13) - (6 + 5).
14
Calculate -22 - (58 + -79) - (33 + (1 - 0)).
-35
Calculate -688 + 607 - (-1 + -110).
30
Calculate 19 - (-25 - 1 - (-343 + 340)).
42
Calculate -93 - (-82 + -9 + 12).
-14
Evaluate 8 + (69 - 51 - -11).
37
-17 + (53 - (-29 + (42 - 20)))
43
What is 4 + (-15 + 16 - 20) + -17 + -21?
-53
Calculate 13 + (-102 - (0 + 1) - (-1935 + 1917)).
-72
Calculate -34 + (21 + -4 + 15 - 109).
-111
What is (-11 - -26) + 61 + -68 + 1 + 45?
54
(-57 - -1) + (-23 - (10 - 6 - 21) - -6)
-56
Evaluate (-84 - -59) + 23 + 2 + 3 + -125.
-122
(17 - 2 - -1 - (76 + -69)) + -2 + 36
43
(64 - -14) + (-28 - 3)
47
What is -7 - (8 + -20 + 5) - (209 + -169)?
-40
-4 + (-26 - -18) + -3 + (-3 - 6)
-24
What is the value of 20 + (0 - (49 + -3)) - 8?
-34
28 - -1 - (-15 + (23 - 2) + 101 + -117)
39
Calculate 6 - -22 - (139 - 179).
68
Evaluate 12 - (45 - ((-31 - 19) + 11)).
-72
What is the value of (-62 - (-11 - 65)) + -69?
-55
Evaluate 14 - (-3 + (-13 - -6) + 15).
9
What is (5 - -1 - (274 - 258)) + (1 - -39) + -3?
27
What is the value of (21 - 9 - -4) + -10 - (3 + 8)?
-5
Calculate (0 - 14) + (14 + (20 - 12) - 40).
-32
Calculate (27 - 20 - 28) + 21 + (2 - -12).
14
13 - (76 - 74) - ((-2 - 0) + 0)
13
Evaluate -32 - (-2 - (21 - 26 - -14)).
-21
What is (0 - -3) + (0 - -3) + (168 - 38) + -62?
74
Calculate 79 - (52 - (74 + 19)).
120
What is 1135 + -1154 - (-81 + -13)?
75
-14 - (12 + -17 + 18 + -2 + -7 + 0)
-18
Calculate (-11 - (-33 + (6 - -8)) - -5) + -46.
-33
63 - (-20 - -155) - -29
-43
Calculate (-13 - -43) + -113 + 44.
-39
What is the value of -22 - (-46 - ((-40 - -22) + (6 - 5)))?
7
What is the value of 53 + -7 - ((-14 - -16) + 10 + 3) - -8?
39
What is the value of 9516 + -9456 + (-108 - 1)?
-49
What is the value of (-718 - -690) + (-19 - -1)?
-46
-19 - ((43 - 37) + -10 + -3)
-12
Evaluate (306 - 315) + (0 - -41) + 4 + (1 - 2).
35
What is the value of (-8 + 17 - (10 - -1)) + 72 + (1 - 0)?
71
(-37 + 67 - -17) + -8
39
What is the value of -2 + (5 + 4 - (11 + -10 + 2)) - -15?
19
What is the value of 3 - (31 + -60 - -15)?
17
10 + -28 - 17 - -85
50
What is the value of -9 + -8 + 10 + 12 - 56?
-51
Evaluate -5 + (-7 + (4 - -11) - -26) + -8 - 6.
15
Calculate 30 - ((44 + -18 - 15) + (-5 - 10)).
34
What is 6 + 38 + (-76 - -90)?
58
Calculate -24 + (1 + 17 + 4 - 35).
-37
11 + 7 - 16 - (-70 + 0 - 4)
76
What is the value of 3 + 14 - (38 - (-46 + -47 + 81))?
-33
Evaluate 37 - (-13 + 11 + -20 + 18).
41
What is (-64 + -26 - -117) + (-6 - (-6 - -3) - 3)?
21
What is (-24 - -64) + 18 + -98?
-40
Calculate (-9 - (-5 - 10) - 20 - -72) + 9 - -14.
81
Evaluate (-126 - -52) + 26 + 70.
22
12 + (-8 - (5 - -14))
-15
Evaluate (211 - 40) + 95 + -201.
65
What is 16 - (46 - 49) - 57?
-38
Calculate (2 - (1 - (-5 - -42))) + -117.
-79
Calculate 59 + -69 + -17 - (-1 + -1 - 8).
-17
What is -2 + 4 - -21 - (90 - (-24 - -99))?
8
Calculate (686 - 658) + 0 + -12.
16
What is the value of 80 - (-61 - (42 - 172))?
11
-22 - (-13 - (-8 + 5 + 6 + -13))
-19
What is (971 - 917) + (2 - 3 - -4) + 1?
58
-11 + -49 + 139 - 20
59
What is -96 + (8 - -31) + 79?
22
What is the value of -37 + (-18 - 28 - -110)?
27
Evaluate -24 + -55 - -64 - -41.
26
What is the value of 0 - -3 - (5 - (58 - 35))?
21
What is -8 + (-3 - 84) - (-380 - -356)?
-71
Calculate -3 + -8 + -4 + -48 + 34.
-29
Calculate -270 + 263 + -5 + 7 + 5.
0
What is the value of -13 - 6 - (-8 + 4 + -53 - 0)?
38
Calculate (9 + 15 - 8) + -3 - (-4 + -6 - -91).
-68
Evaluate -35 + 0 + (170 - 327 - -231).
39
Calcu